ime?
True
Is 14087861 a composite number?
True
Is 3311069 a composite number?
True
Is 24962449 prime?
True
Is 9314533 composite?
True
Is 4054987 a composite number?
False
Is 1839889 a composite number?
True
Is 13048501 a composite number?
True
Is 20657993 a prime number?
False
Is 3469369 composite?
True
Is 23484271 a prime number?
True
Is 281107 prime?
False
Is 2880589 a composite number?
True
Is 21207019 composite?
True
Is 7506407 composite?
False
Is 64675609 a prime number?
False
Is 500833 a composite number?
True
Is 51862243 composite?
True
Is 277749301 composite?
False
Is 16058843 prime?
True
Is 8095099 prime?
False
Is 11158319 prime?
False
Is 23682014 composite?
True
Is 171294022 a composite number?
True
Is 4586377 a composite number?
False
Is 695969 prime?
False
Is 1844153 prime?
True
Is 256600411 composite?
False
Is 663000181 a prime number?
True
Is 932051 a prime number?
True
Is 6426473 a prime number?
True
Is 44321791 composite?
False
Is 10118419 composite?
True
Is 1872283 prime?
False
Is 3984367 prime?
False
Is 1919149 a composite number?
False
Is 15239401 prime?
True
Is 91878251 a composite number?
True
Is 11040613 composite?
True
Is 563289 prime?
False
Is 40149799 a prime number?
True
Is 30887611 composite?
False
Is 17388991 composite?
False
Is 184691 a composite number?
True
Is 83514281 composite?
False
Is 41074829 prime?
True
Is 181869491 composite?
False
Is 67294069 prime?
False
Is 545291 a prime number?
True
Is 4268729 composite?
False
Is 264200217 prime?
False
Is 94236859 composite?
False
Is 12253421 composite?
True
Is 324419 composite?
False
Is 13035023 prime?
True
Is 266483 a composite number?
True
Is 499543 prime?
False
Is 574081 a composite number?
False
Is 40419361 prime?
True
Is 4108205 composite?
True
Is 1271843 prime?
True
Is 1484281 composite?
False
Is 49182187 composite?
False
Is 251811933 composite?
True
Is 3811657 composite?
False
Is 16216321 composite?
True
Is 1520777 a prime number?
True
Is 42800039 prime?
True
Is 3999719 composite?
False
Is 60927601 composite?
True
Is 18034811 composite?
True
Is 57221765 a prime number?
False
Is 2252353 a composite number?
False
Is 409456841 a prime number?
True
Is 1215193 prime?
False
Is 2583101 a prime number?
True
Is 287594071 a prime number?
True
Is 177274543 composite?
False
Is 16305589 a prime number?
False
Is 7800913 a composite number?
True
Is 1503989 prime?
True
Is 3541073 a composite number?
False
Is 947501 composite?
False
Is 19683089 a composite number?
False
Is 12868574 composite?
True
Is 16991839 a prime number?
False
Is 688091 a composite number?
True
Is 10722707 a prime number?
False
Is 614561 a composite number?
False
Is 15861199 composite?
True
Is 63614795 a composite number?
True
Is 433646803 composite?
False
Is 7988163 composite?
True
Is 3340943 composite?
False
Is 3465958 a composite number?
True
Is 125675929 a prime number?
True
Is 3159379 composite?
True
Is 763411 a composite number?
True
Is 10243573 a prime number?
False
Is 99933649 composite?
True
Is 5975597 prime?
True
Is 4590649 a prime number?
False
Is 24660827 prime?
False
Is 1489351 composite?
False
Is 1947359 a prime number?
True
Is 63708289 a prime number?
True
Is 3602779 a composite number?
True
Is 2024489 prime?
True
Is 11541877 a composite number?
False
Is 360514439 prime?
True
Is 480443 composite?
True
Is 16983311 a composite number?
False
Is 109618853 a prime number?
False
Is 13086173 prime?
False
Is 643021 a prime number?
True
Is 812876417 composite?
False
Is 19755397 a prime number?
False
Is 2810387 a prime number?
False
Is 17361341 prime?
True
Is 9424403 prime?
False
Is 2881751 prime?
False
Is 41595283 a prime number?
True
Is 16093117 composite?
False
Is 2424157 a composite number?
False
Is 73215743 a prime number?
True
Is 93312727 prime?
True
Is 42424513 a prime number?
False
Is 10773541 a composite number?
False
Is 578812253 prime?
False
Is 61460407 composite?
False
Is 17344157 a prime number?
False
Is 5359927 a prime number?
False
Is 3268715 composite?
True
Is 278511763 prime?
True
Is 195280409 prime?
True
Is 24318562 composite?
True
Is 648065567 a composite number?
False
Is 18786671 composite?
True
Is 3281053 prime?
False
Is 16696907 a composite number?
True
Is 120503921 prime?
True
Is 69729667 a prime number?
False
Is 5337767 composite?
True
Is 16866419 a composite number?
False
Is 1370486711 a prime number?
False
Is 8244857 a composite number?
False
Is 10168633 a prime number?
False
Is 2158399 a prime number?
False
Is 55195411 a composite number?
True
Is 159264191 a prime number?
False
Is 11892521 prime?
True
Is 159146579 composite?
False
Is 56477341 a composite number?
False
Is 30955459 a prime number?
False
Is 37047317 composite?
False
Is 23106791 a prime number?
False
Is 3389821 prime?
False
Is 4667123 a prime number?
False
Is 60078397 a prime number?
True
Is 42520903 composite?
False
Is 61420657 prime?
True
Is 981547 a composite number?
True
Is 1479332119 a prime number?
True
Is 220879687 a composite number?
True
Is 13745971 composite?
True
Is 786271 prime?
True
Is 37218641 a composite number?
False
Is 16930027 prime?
True
Is 15048443 a prime number?
False
Is 1251409 a composite number?
False
Is 75624827 composite?
False
Is 6184799 a prime number?
True
Is 109894141 a composite number?
True
Is 1951879 prime?
True
Is 49708805 a prime number?
False
Is 151361897 a composite number?
True
Is 4197239 composite?
False
Is 9213055 composite?
True
Is 208368179 prime?
True
Is 586516379 a prime number?
True
Is 38832317 composite?
False
Is 163601 prime?
True
Is 44245105 prime?
False
Is 4932163 composite?
False
Is 1701929 prime?
False
Is 15154003 a prime number?
False
Is 8418623 composite?
False
Is 225489331 a composite number?
False
Is 14629883 a composite number?
True
Is 1687489 a composite number?
False
Is 749123 prime?
False
Is 195081 composite?
True
Is 134083909 a prime number?
True
Is 10862479 prime?
True
Is 26924801 composite?
False
Is 94994153 a prime number?
False
Is 14577877 a composite number?
False
Is 23688671 a composite number?
False
Is 133906769 composite?
False
Is 849899 prime?
False
Is 2453999 prime?
True
Is 11347507 a composite number?
False
Is 1197686377 a composite number?
False
Is 49721123 a prime number?
False
Is 212444717 a composite number?
True
Is 233488007 prime?
False
Is 2321587 a composite number?
False
Is 6791953 a composite number?
True
Is 22322221 a prime number?
False
Is 53449829 composite?
False
Is 19126699 a prime number?
True
Is 9820247 a prime number?
False
Is 1554277 composite?
False
Is 767339 composite?
False
Is 311803469 a prime number?
True
Is 1648642087 composite?
False
Is 1552277 prime?
True
Is 2034887 a composite number?
False
Is 2022421 composite?
False
Is 620497 a prime number?
False
Is 27109429 a composite number?
False
Is 833519 prime?
False
Is 202932326 a prime number?
False
Is 156439721 composite?
True
Is 453109339 a prime number?
False
Is 10108549 composite?
True
Is 287587 prime?
False
Is 5375971 composite?
False
Is 7246949 prime?
True
Is 13213549 a prime number?
False
Is 767197 prime?
False
Is 23425261 a prime number?
True
Is 26800793 prime?
False
Is 211602058 a prime number?
False
Is 9402229 a prime number?
False
Is 1023487 a prime number?
True
Is 94532747 composite?
True
Is 295880789 composite?
False
Is 183019 a composite number?
True
Is 115877327 prime?
True
Is 1259519 composite?
True
Is 1955333 a composite number?
False
Is 327454757 prime?
False
Is 32106149 a composite number?
True
Is 17391449 a prime number?
True
Is 5381399 composite?
True
Is 4821451 prime?
True
Is 7731103 composite?
False
Is 232892111 composite?
False
Is 39336881 a composite number?
False
Is 6740663 composite?
True
Is 20158217 a composite number?
True
Is 236399 composite?
False
Is 829601 a composite number?
False
Is 12140391 prime?
False
Is 21002351 composite?
True
Is 12427027 composite?
False
Is 17434907 a prime number?
False
Is 11522463 a prime number?
False
Is 40952033 prime?
True
Is 25498519 prime?
False
Is 993861121 a prime number?
False
Is 58469383 a composite number?
True
Is 6365867 a prime number?
False
Is 15570341 prime?
True
Is 33686089 prime?
False
Is 4998333 a prime number?
False
Is 4267889 prime?
True
Is 1608679 a composite number?
True
Is 23065337 a com